{"id":60,"date":"2024-01-21T22:26:22","date_gmt":"2024-01-21T21:26:22","guid":{"rendered":"https:\/\/enpawo.com\/?page_id=60"},"modified":"2025-02-04T13:04:27","modified_gmt":"2025-02-04T12:04:27","slug":"datenschutzerklaerung","status":"publish","type":"page","link":"https:\/\/enpawo.com\/index.php\/datenschutzerklaerung\/","title":{"rendered":"Datenschutzerklaerung"},"content":{"rendered":"\t\t<div data-elementor-type=\"wp-page\" data-elementor-id=\"60\" class=\"elementor elementor-60\" data-elementor-post-type=\"page\">\n\t\t\t\t<div class=\"elementor-element elementor-element-1bde942 e-flex e-con-boxed e-con e-parent\" data-id=\"1bde942\" data-element_type=\"container\">\n\t\t\t\t\t<div class=\"e-con-inner\">\n\t\t\t\t<div class=\"elementor-element elementor-element-e53e4be elementor-widget elementor-widget-heading\" data-id=\"e53e4be\" data-element_type=\"widget\" data-widget_type=\"heading.default\">\n\t\t\t\t<div class=\"elementor-widget-container\">\n\t\t\t\t\t<h2 class=\"elementor-heading-title elementor-size-default\">Datenschutzerkl\u00e4rung<\/h2>\t\t\t\t<\/div>\n\t\t\t\t<\/div>\n\t\t\t\t\t<\/div>\n\t\t\t\t<\/div>\n\t\t<div class=\"elementor-element elementor-element-902fd74 e-flex e-con-boxed e-con e-parent\" data-id=\"902fd74\" data-element_type=\"container\">\n\t\t\t\t\t<div class=\"e-con-inner\">\n\t\t\t\t<div class=\"elementor-element elementor-element-489c881 elementor-widget elementor-widget-text-editor\" data-id=\"489c881\" data-element_type=\"widget\" data-widget_type=\"text-editor.default\">\n\t\t\t\t<div class=\"elementor-widget-container\">\n\t\t\t\t\t\t\t\t\t<p><strong>Verantwortlich im Sinne des Datenschutzgesetzes:<\/strong><\/p><p><strong>ENPAWO e.U.<\/strong><\/p><p>Seidlgasse 21<br \/>1030 Wien<br \/>\u00d6STERREICH<\/p><p><strong>Datenschutz<\/strong><\/p><p>Als Webseitenbetreiber nehmen wir den Schutz aller pers\u00f6nlichen Daten sehr ernst. Alle personenbezogenen Informationen werden vertraulich und gem\u00e4\u00df den gesetzlichen Vorschriften behandelt, wie in dieser Datenschutzerkl\u00e4rung erl\u00e4utert.<\/p><p>Unserer Webseite kann selbstverst\u00e4ndlich genutzt werden, ohne dass Sie pers\u00f6nliche Daten angeben. Wenn jedoch zu irgendeinem Zeitpunkt pers\u00f6nliche Daten wie z.B. Name, Adresse oder E-Mail abgefragt werden, wird dies auf freiwilliger Basis geschehen. Niemals werden von uns erhobene Daten ohne Ihre spezielle Genehmigung an Dritte weitergegeben.<\/p><p>Daten\u00fcbertragung im Internet, wie zum Beispiel \u00fcber E-Mail, kann immer Sicherheitsl\u00fccken aufweisen. Der komplette Schutz der Daten ist im Internet nicht m\u00f6glich.<\/p><p><strong>Kontaktformular<\/strong><\/p><p>Kontaktdaten, die uns \u00fcber unser Kontaktformular erreichen, werden inklusive des Inhalts der Anfrage f\u00fcr Bearbeitungszwecke und f\u00fcr m\u00f6gliche Anschlussfragen<br \/>gespeichert. Diese Daten werden ohne Ihre spezifische Zustimmung nicht weitergegeben.<\/p><p><strong>Kontakt zum Datenschutzmitarbeiter<\/strong><\/p><p>F\u00fcr Fragen zum Datenschutz schicken Sie uns bitte eine Nachricht an<br \/>info@enpawo.com\u00a0 mit dem Betreff \u201eDatenschutz\u201c.<\/p>\t\t\t\t\t\t\t\t<\/div>\n\t\t\t\t<\/div>\n\t\t\t\t\t<\/div>\n\t\t\t\t<\/div>\n\t\t\t\t<\/div>\n\t\t","protected":false},"excerpt":{"rendered":"<p>Datenschutzerkl\u00e4rung Verantwortlich im Sinne des Datenschutzgesetzes: ENPAWO e.U. Seidlgasse 211030 Wien\u00d6STERREICH Datenschutz Als Webseitenbetreiber nehmen wir den Schutz aller pers\u00f6nlichen Daten sehr [&hellip;]<\/p>\n","protected":false},"author":1,"featured_media":0,"parent":0,"menu_order":0,"comment_status":"closed","ping_status":"closed","template":"elementor_header_footer","meta":{"footnotes":""},"class_list":["post-60","page","type-page","status-publish","hentry"],"_links":{"self":[{"href":"https:\/\/enpawo.com\/index.php\/wp-json\/wp\/v2\/pages\/60","targetHints":{"allow":["GET"]}}],"collection":[{"href":"https:\/\/enpawo.com\/index.php\/wp-json\/wp\/v2\/pages"}],"about":[{"href":"https:\/\/enpawo.com\/index.php\/wp-json\/wp\/v2\/types\/page"}],"author":[{"embeddable":true,"href":"https:\/\/enpawo.com\/index.php\/wp-json\/wp\/v2\/users\/1"}],"replies":[{"embeddable":true,"href":"https:\/\/enpawo.com\/index.php\/wp-json\/wp\/v2\/comments?post=60"}],"version-history":[{"count":16,"href":"https:\/\/enpawo.com\/index.php\/wp-json\/wp\/v2\/pages\/60\/revisions"}],"predecessor-version":[{"id":158,"href":"https:\/\/enpawo.com\/index.php\/wp-json\/wp\/v2\/pages\/60\/revisions\/158"}],"wp:attachment":[{"href":"https:\/\/enpawo.com\/index.php\/wp-json\/wp\/v2\/media?parent=60"}],"curies":[{"name":"wp","href":"https:\/\/api.w.org\/{rel}","templated":true}]}}